n**2 - 46*n - 502. Let j be (-3 + 5)/((-10)/(-580)*-4). Determine r(j).
-9
Let x(u) = -u + 4. Let r(q) = q - 17. Suppose 5*p - 91 = m + 3*m, 5*m = -20. Suppose -p = -2*h + 9. Let n be r(h). Calculate x(n).
9
Suppose 69*n - 252 = 66*n. Let j = -78 + n. Let a(z) = -z**3 + 5*z**2 + 3*z + 8. Determine a(j).
-10
Suppose 12*a = -z + 10*a, -z - 1 = 3*a. Let y(s) = 0*s**2 + 3*s**z - 2*s**2 - 24 + 45 + 3*s - 25. Give y(5).
36
Let w(u) = 2*u + 34. Let n(q) = q**3 + 3*q**2 + 23*q - 13. Let p be n(0). Calculate w(p).
8
Let d(a) = -a**2 - 7*a - 6. Let z be d(-6). Let v(b) be the second derivative of 2*b - 2*b**2 + 0*b**3 + 1/20*b**5 - 1/12*b**4 - 28. Give v(z).
-4
Let w(u) = -15*u + 6. Let d(j) = 2*j + 7297 - 7298 + 0*j. Let n(v) = 21*d(v) + 3*w(v). Determine n(-2).
3
Let z(b) = -3*b**3 + 2*b**2 + 9*b - 8. Let v be z(2). Let f(t) = 2*t**2 + 7*t + 7. Give f(v).
37
Let x(r) = r**2 - 13. Let f(l) = -270*l - 11605. Let t be f(-43). Give x(t).
12
Suppose -8*u - 10 = -3*u. Let z(l) = 99*l**2 + 5*l + 5. Let s(i) = 476*i**2 + 24*i + 24. Let x(c) = 5*s(c) - 24*z(c). Determine x(u).
16
Suppose -4*m = -9*m + 65. Let p = 19 - m. Let x(z) = -4*z**2 + 5*z**2 + 5*z**2 - 5*z - 5*z**2 - 6. Give x(p).
0
Let v(q) = -q**3 + 13*q**2 - 8*q + 23. Let i(j) = 7*j**3 - 92*j**2 + 57*j - 159. Let m(u) = -2*i(u) - 15*v(u). Determine m(11).
39
Let r(n) be the third derivative of n**5/60 + 11*n**4/24 + n**3/6 + 485*n**2 - 3. Suppose 0 = -k - 0*k - 11. What is r(k)?
1
Let b(c) be the second derivative of c**4/3 - c**2/2 + 3*c - 18. Let v be 0 + 12/(-4) + 4. Determine b(v).
3
Suppose 4*l + 6 + 6 = 0. Let k(f) be the first derivative of -f**4/6 + 2*f**2 + 43*f + 194. Let z(g) be the first derivative of k(g). What is z(l)?
-14
Let i be (38779/(-156))/(-19) + -13. Let n(c) be the second derivative of -3*c + 1/20*c**5 - 2/3*c**3 + 0*c**2 + 0 - i*c**4. What is n(3)?
6
Let h(z) = 10*z - 10. Let t(p) = 31*p - 15. Let r(s) = -8*s + 4. Let o(j) = 9*r(j) + 2*t(j). Let v(g) = -2*h(g) - 3*o(g). Give v(-1).
-8
Let r(l) be the second derivative of -l**5/30 - 5*l**4/8 + 7*l**3/3 - l**2 - 39*l + 2. Let x(t) be the second derivative of r(t). Give x(-8).
17
Let c(h) be the third derivative of h**6/180 - h**5/60 - h**4/8 + 26*h**3/3 + 62*h**2. Let j(m) be the first derivative of c(m). Determine j(3).
9
Let t(j) = -3*j - 3. Let b = -17 - -23. Let q(n) = 2*n + 0*n + 2 + 6 - b. Let d(x) = -5*q(x) - 3*t(x). Give d(4).
-5
Let c(m) = -m**2 - 4*m + 3. Let o = 252 - 254. Let i be 10*(69/(-46) - (o - -1)). Calculate c(i).
-2
Let u = 296 + -152. Suppose -149*v - 15 = -u*v. Let x(a) = a**3 + 3*a**2 - a - 2. Calculate x(v).
1
Let b(y) = -9*y**3 + y**2 - 66*y + 67. Let v be b(1). Let h(a) = 1. Let c(s) = -s - 8. Let u(l) = c(l) - 6*h(l). Calculate u(v).
-7
Let r(p) = -3*p**3 + 3*p**2 - 5. Let f(x) = 5*x**2 - 9*x**3 - 187 + 178 + 2*x + x**3. Let d(v) = -2*f(v) + 5*r(v). Calculate d(-5).
13
Let f(p) = -p**2 - 14*p - 42. Let g be f(-5). Suppose g*b - 2*k + 8 = 0, -2*k = -4 + 2. Let r(o) = -4*o + 2. Calculate r(b).
10
Let d(o) = 6*o - 1. Let h(q) = -80*q**2 + 402*q - 8. Let k be h(5). Determine d(k).
11
Suppose 0 = 3*r, -3*i + 96 = -3*r + 18. Suppose 0 = 3*y + i - 32. Let m(c) = 15*c - 2. Give m(y).
28
Let z be 0 + -2 - (-1 + -2). Let s(d) be the third derivative of -17*d**5/60 - d**4/24 + 2*d**2 + 69*d. Calculate s(z).
-18
Suppose 5*k + 54 = 39. Let a(p) = -8*p - 19. Let t be a(k). Let i(h) = -3*h**2 - 7*h - 5. Let z(u) = u**2 + u + 1. Let m(c) = i(c) + 4*z(c). What is m(t)?
9
Suppose -36*p = -15*p + 48 - 216. Let w(n) = n**2 - n - 15. Calculate w(p).
41
Let q be (-3 + 6 + 0)/(15/25). Let n be -6 + (-5 + q)/4. Let a(d) = d**3 + 7*d**2 + 9*d + 6. Give a(n).
-12
Let l = -6 + 8. Let v(x) = 1018*x**3 - 470*x**3 + 3*x + 0 - 3 - 546*x**3. What is v(l)?
19
Let t(s) = s**3 - 7*s**2 + 5*s - 2. Suppose -5*u + 6*z = -42, u + 2*z + 75 = 77. Give t(u).
-8
Let g(b) = -299 + 161 - b**2 + b**3 + 135 + 2*b. Suppose -5*w = 3*w - 16. Calculate g(w).
5
Suppose 4*d - 31*n + 65 = -32*n, -d + 2*n = 23. Let r(j) = -j**2 - 16*j + 33. Determine r(d).
16
Let t be ((-18)/(-9)*1)/2. Let q(n) = 17*n**2 + n. What is q(t)?
18
Let o(b) = b**2 - 8*b - 17. Let j be o(9). Let d(t) = 7*t - 21. Let x(i) = -2*i + 8. Let l(w) = j*x(w) - 3*d(w). Calculate l(-1).
4
Let z be 3*4 + (-3 - -1) - (-709 + 710). Let k(v) = 3*v - 24. Determine k(z).
3
Let g(j) be the second derivative of -9*j + 11/2*j**2 + j**3 + 0 - 1/8*j**4. Let d(f) be the first derivative of g(f). What is d(5)?
-9
Let n(y) = -10*y + y**2 - y**2 - 3*y + 2 + y**2. Let r(o) = o**2 - 14*o + 1. Let f(z) = 4*n(z) - 3*r(z). Let b = -98 - -107. Give f(b).
-4
Let t(k) = 26*k + 41. Let u(q) = q**3 - 31*q**2 + 13*q - 405. Let r be u(31). Calculate t(r).
-11
Suppose 0*s - 4*s - 2*k = 72, 5*s + 100 = -5*k. Let g = s - -33. Let t(d) = -g + 17 - d**2 + 5*d**2 - d. Calculate t(-2).
18
Let m(b) = -b**3 + 9*b**2 + 12*b + 3. Suppose -70 = 99*q - 977 - 83. What is m(q)?
23
Let y(f) = -f**3 - 7*f**2 - 5*f + 2. Let u = 53 - 49. Suppose -u*o + 6*o + 3*k = -9, -2*o = 2*k + 10. Give y(o).
-4
Let x(t) = -t - 13. Let d(a) = 3*a + 42. Let w(m) = -2*d(m) - 7*x(m). Let i(q) = -1. Let v(z) = 12*i(z) + 3*w(z). What is v(-6)?
-9
Let q be (288 - 287)/((-2)/2 - (-21)/24). Let d(g) = g**2 + 52*g + 354. Calculate d(q).
2
Let y(l) = l**3 + 6*l**2 + 6*l + 1. Let n(h) = -18*h - 67. Let i be n(-7). Suppose -i + 84 = -5*m. Determine y(m).
-4
Let n be 6/(-30) + 42/(-14)*(-78)/45. Let s(a) = -5*a**2 + 15*a - 2. What is s(n)?
-52
Let s(h) = -32*h**2 + 3*h + 20. Let b(w) = -58*w**2 + 7*w + 39. Let p(z) = 5*b(z) - 9*s(z). Give p(7).
-27
Let u(v) = -2*v**2 + 27*v - 17. Let b = 4440 - 4427. Calculate u(b).
-4
Suppose -3*k + 2*a = 749, 0 = -5*k + 7*a - 3*a - 1247. Let p = 248 + k. Let g(b) = -2*b**2 - 3*b + 1. Determine g(p).
-8
Let q(j) be the first derivative of 0*j - 101 - 13/3*j**3 + 1/2*j**2. Give q(-1).
-14
Suppose -135 = 6*i + 741. Let d = -144 - i. Let v(z) = 1 - 82*z**3 + 2*z**d + 41*z**3 + 43*z**3. Calculate v(-2).
-7
Let y = 6 + -8. Let r(z) = -27*z - 7. Let o(l) = -175*l - 41. Let w(c) = -2*o(c) + 13*r(c). Calculate w(y).
-7
Let g(x) = -x**2 + 16*x + 7. Let t be g(15). Let h be (-23 + t)*(-1)/(-1). Let v(i) = 13*i**2 + i. Give v(h).
12
Suppose -4*r = -28 - 28. Suppose r*m + 5 = -135. Let o(s) = -s + 8. Calculate o(m).
18
Let h(q) be the third derivative of q**5/30 - 5*q**4/12 - q**3/3 - 621*q**2 + 4. Suppose 2*k + 5 = 3*k. What is h(k)?
-2
Let h(u) = 5*u - 1. Let a(o) = -o**2 - 9*o + 2. Let k(l) = 4*a(l) + 7*h(l). Suppose -43*g = -48 + 17 - 12. What is k(g)?
-4
Let l(c) = 321703*c - 643391*c + 321728*c - 401. Give l(10).
-1
Let q(h) = -h + 14. Let f be q(6). Let l(r) = 29*r + 183. Let i be l(-6). Let m(a) = i*a**2 + 9*a - a**3 + 3*a**2 - 10*a - 3 - 4*a**2. What is m(f)?
-11
Let s be 8 + -4 + -1 - -96. Let l(c) = 8*c - s + 5*c + 58 + 48. Let a(m) = -25*m - 12. Let y(b) = -3*a(b) - 5*l(b). Give y(1).
11
Let b(m) = 6*m - 70. Suppose 229*t - 269*t = -440. Calculate b(t).
-4
Let b = -2 + 3. Suppose -5*s + 2*k + b = -1, 0 = 2*s - k. Let m(l) be the first derivative of -l**4/4 + l**3/3 + l**2/2 - 2*l - 455. Determine m(s).
-4
Let y(c) = -c**3 - 5*c**2 + 18*c + 31. Suppose 35*g - 25 - 204 + 474 = 0. What is y(g)?
3
Let q(i) = i**3 - 6*i**2 - 155*i - 77. Let m be q(16). Let j(n) = 16*n - 7. Determine j(m).
41
Let g(r) = 2*r**2 + 42*r + 17. Let c be g(-21). Let i(s) = -s**2 + 5*s**2 + c*s - 20*s. Calculate i(2).
10
Let v(j) = -2*j**2 - j. Let d(g) = -15*g**2 - 5*g + 1. Let f(q) = -d(q) + 5*v(q). Let m = 19 + -18. Let b be f(m). Let x(n) = -n**3 + 4*n**2 + 5. What is x(b)?
5
Let a(b) = 43 - 3*b + b**2 + 10*b + 11*b. Let l be a(-3). Let w(p) = -2*p**2 - 3*p - 1. What is w(l)?
-3
Let b(m) be the first derivative of m**4/4 - 2*m**3 + 6*m + 10. Let h be 3/7 - (-16)/28. Let i be 7 - ((-4)/h)/(-4). Calculate b(i).
6
Suppose 5*b = -2*c - 10, -c = -b - 0 + 12. Let g be (-25)/c*8/10. Let t(r) = -3*r**2 + 2*r**2 - r**2 - 2 - g*r**3 - 3*r. Determine t(-2).
12
Let w(c) = -c**2 + 6*c + 10. Let d(s) = s**3 - 9*s**2 + 14*s + 29. Let x be d(7). Suppose 3*g = -z + 13, -3*g + x = 3*z + g. Give w(z).
3
Let f(h) = -h**3 + 4*h**2 - 2*h - 2. Suppose 0 = -8*r + 2*r + 24. Suppose -r*t + 24 = -3*s, -6*s = -4*t - s + 32. Calculate f(t).
1
Let d(k) be the first derivativ